n factor of g and 10?
5
Let r be (-6)/50*5*-5. Let v be (-880)/330 - (-92)/r. Suppose 0 = 2*q - f + 192 - 642, -2*q - 5*f + 438 = 0. Calculate the greatest common factor of v and q.
28
Let v(q) = -59*q + 63. Let f be v(-7). Suppose -2*d = -4*g - f, 3*g = d + 8*g - 217. Calculate the highest common divisor of d and 29.
29
Let w = -162 + 114. Let u = w + 129. What is the highest common factor of 18 and u?
9
Let s(p) = -358*p + 1672. Let d be s(3). Calculate the highest common divisor of d and 936.
26
Suppose 40 = 7*b - 9. Let c be (-1)/(-9) - ((-4800)/54 + -2). What is the highest common divisor of b and c?
7
Suppose -8*p + 3022 = 3*f - 2266, 5*f = 5*p + 8850. What is the highest common factor of f and 208?
104
Suppose 1868*k - 3*h + 53397 = 1872*k, -2*k - 4*h = -26676. Calculate the highest common divisor of 28 and k.
28
Let i be 44 - (69 - 44) - (6 + -1). Calculate the highest common factor of 16044 and i.
14
Let i(t) = 18*t**2 + 142*t - 592. Let w be i(4). Calculate the highest common divisor of 9592 and w.
88
Let b be 28/(-126) - (-36416)/9. Suppose 4*y - 3248 = -4*v, 5*v - 3*y - b = -y. Suppose 3*s + v = 12*s. Calculate the highest common divisor of 10 and s.
10
Let i be (-4)/((-16)/4) + (16 - -6). Let v be 3/9 - (-1102)/6. What is the greatest common divisor of i and v?
23
Let s(o) = o**2 + 2*o + 9. Let q be s(-5). Let b be 2/(((-8)/(-126))/(q/28)). Calculate the highest common divisor of 9 and b.
9
Let d(k) = 5*k**3 + 8*k**2 - 7*k - 2. Let a be d(2). Let q be 24/16*56/6. What is the highest common divisor of a and q?
14
Let s = -231 - -371. Let h = -50 + s. Let a(f) = -9*f + 6. Let d be a(-6). What is the highest common divisor of d and h?
30
Let h = -109 + 177. Suppose -h - 520 = -7*a. Let c(l) = -l**3 + 4*l**2 + 4*l - 4. Let z be c(4). What is the greatest common factor of z and a?
12
Suppose -4*m = 4*l - 376, 2*m = -4*l + 418 - 38. Let y(x) = -x + 9 - 15 + 18. Let i be y(-36). What is the highest common divisor of i and l?
48
Let n = -2741 - -2747. Calculate the greatest common factor of n and 128.
2
Let u(d) = -d**2 + 68*d + 22. Let r be u(58). What is the greatest common divisor of r and 14?
14
Suppose 5*r = 30, 0 = 2*m + 100*r - 98*r - 692. What is the greatest common factor of 5644 and m?
68
Let r(y) = y**3 + 108*y**2 + 973*y - 389. Let i be r(-98). Let d be 2*-1 - (-37 - -2). What is the greatest common divisor of i and d?
33
Suppose 3*y + 13*h = 17*h + 5477, 2*h = 4*y - 7276. Calculate the highest common divisor of y and 495.
165
Suppose 515 + 1158 = -2*n + o, -2497 = 3*n + o. Let s = 1569 + n. What is the highest common factor of s and 70?
35
Let x be 15/(-2) - 8/16. Let d(h) = -4*h + 38. Let t be d(x). What is the highest common divisor of t and 28?
14
Let r be (153/34)/(24/688). Let d be (-129)/(-2)*4/6. What is the highest common factor of r and d?
43
Let z(k) = -12*k. Let f = 64 - 65. Let g be z(f). Suppose -288 = -g*u + 4*u. Calculate the highest common divisor of 4 and u.
4
Suppose 12 = -0*v + v. Suppose -3*k - v = 15. Let z be (-1 + k/5)/(10/(-50)). What is the greatest common divisor of 28 and z?
14
Let u = 196 + -155. Suppose l + 12 = p, -5*p + u = -4*l - 23. Calculate the greatest common factor of p and 56.
8
Let y be 178963/279 + (124/(-36) - -3) + 7. Calculate the highest common divisor of y and 128.
8
Suppose 4*q + 5*l + 3 = q, -4*q - 3*l = -7. Suppose 0*r + 104 = q*r. Calculate the greatest common divisor of 286 and r.
26
Suppose t = 7*t + 12. Let r be (0 - (t + 3)) + 2 + -3. Let o be 8 - (r/8)/((-5)/(-20)). What is the greatest common factor of 81 and o?
9
Let q(f) = f**3 - 32*f**2 - 12*f - 156. Let x be q(33). Let a = x + -461. What is the highest common divisor of 532 and a?
76
Let u(z) = -133*z + 8351. Let f be u(38). What is the greatest common factor of 21 and f?
21
Let j = 493 - -48. Let x = 866 - j. What is the greatest common factor of x and 39?
13
Suppose -425*r = -459*r + 1122. What is the highest common divisor of r and 13739?
11
Let h(s) = 3*s**3 - 19*s**2 + 11*s - 7. Let m(w) = 6*w - 23. Let y be m(5). Let l be h(y). What is the highest common factor of 112 and l?
56
Let u be 2 + (8 - 8) + 2 + 206. What is the greatest common factor of u and 2058?
42
Suppose r + 4*r - 20 = 0. Suppose r*y - 3*i = 5*y - 57, 0 = 3*i. Let x = 93 - y. Calculate the highest common divisor of 360 and x.
36
Let l(k) = -k**2 - 210*k + 8. Let a be l(0). Let m be 8/3*(-6)/(-1). What is the highest common divisor of a and m?
8
Suppose 3*q = f + 1108, 4*q = -64*f + 62*f + 1484. Calculate the greatest common divisor of q and 4255.
185
Let c(d) be the third derivative of -3*d**4/8 + 56*d**3/3 - 21*d**2. Let y be c(0). Calculate the greatest common divisor of y and 14.
14
Suppose -131 = -5*n + m, 5*m - 116 = -4*n + 3*m. Suppose -3*f + 45 = -39*d + 42*d, f = -2*d + n. What is the greatest common factor of 108 and d?
12
Let o(d) = 15*d**2 + 51*d - 72. Let p(t) = 3*t**2 + 10*t - 14. Let r(n) = -4*o(n) + 21*p(n). Let g be r(-6). Calculate the greatest common divisor of 330 and g.
66
Let i = 57 - 47. Let n(g) = 21 - 57 + i*g + 31. Let u be n(4). Calculate the highest common factor of 70 and u.
35
Let l(f) = 63*f - 30. Let o be l(2). Suppose 10*q - o = 4*q. Calculate the highest common divisor of 16 and q.
16
Let p(z) = 817*z**2. Let y be p(1). What is the greatest common factor of y and 171?
19
Suppose o - 2*o = 4*q + 119, -5*o + 3*q - 526 = 0. Let h = -41 - o. Let s(l) = 35*l - 26. Let n be s(2). Calculate the highest common factor of h and n.
22
Suppose 2*o + 2*o - r + 168 = 0, -219 = 5*o + r. Let f = -28 - o. Let b be (-1*(-10)/f)/(4/570). What is the greatest common factor of b and 19?
19
Let w be 1 + 271 + 1 + -1. Suppose -12 = 3*h + 5*a, -74*h - 4 = -72*h + 3*a. What is the greatest common factor of h and w?
16
Suppose 5*c = 5*s + 2787 + 68, -s + 1725 = 3*c. What is the greatest common divisor of c and 182?
14
Suppose 37*k - 10010 = 32*k - 2*r, -4013 = -2*k + r. What is the greatest common divisor of k and 36?
12
Let b be ((-2718)/755)/(((-132)/760)/11). Calculate the greatest common factor of b and 1406.
38
Let l = 84 - 79. Suppose -52 = -3*v + 179. Let z = -52 + v. Calculate the highest common factor of z and l.
5
Let f be 4620/440 - 2/(-4). Calculate the greatest common factor of 1430 and f.
11
Let n(z) = -z**3 - 7*z**2 - 7*z - 6. Let w be n(-6). Suppose 2*p - 124 + 22 = w. Suppose p = 3*t - 156. What is the greatest common factor of 46 and t?
23
Let u(i) = -2*i + 8*i**2 + i**2 + 1 + 5 + 7*i. Let n be u(3). What is the highest common divisor of 136 and n?
34
Suppose 3*i + n = 378 - 62, i + 3*n = 100. Let g = i + -101. Suppose g*z + 225 = 5*w, 0*z - 3*z = -2*w + 95. Calculate the highest common factor of w and 10.
10
Let j(w) = 18*w**3 + 2*w**2 - 5. Let g be j(2). Calculate the greatest common divisor of g and 2919.
21
Let t be (-12)/18*(-66)/4. Let k be (-2 - 2) + 165/t. Suppose 2*c - 136 = -q, c - q - k = 57. What is the greatest common divisor of c and 170?
34
Suppose 12*i - i - 110 + 11 = 0. What is the greatest common factor of 480 and i?
3
Let a be (1155/(-63))/11*(-564)/10. Suppose j + a = 2*j + 2*m, 3*m = 4*j - 431. Let h = 55 - 29. Calculate the greatest common factor of j and h.
26
Let w(c) = 10*c**2 + 18*c**2 - 9*c**2 - 22*c - 1 + c**3. Let l be w(-20). What is the greatest common factor of l and 13?
13
Let b = 266 - 250. Let u be (-2)/(-1)*24/b. Let w(o) = -10*o - 3. Let n be w(-3). What is the greatest common factor of n and u?
3
Suppose 0 = 689*l - 705*l + 56224. What is the highest common factor of l and 70?
14
Suppose 0 = 18*w - 15*w - 66. Let x(k) = -12*k + 15*k - 16 + w*k + 4*k. Let b be x(8). What is the highest common divisor of 24 and b?
24
Let q(u) = -2*u + 32. Let r = 118 - 107. Let y be q(r). Suppose 5*t = 226 + 24. What is the highest common divisor of y and t?
10
Suppose t - 43 - 37 = 5*j, -8 = 2*j. Let f(o) = 94*o + 1972. Let y be f(-18). Calculate the highest common factor of t and y.
20
Suppose -24 + 0 = -4*q. Let k = -279 - -290. Suppose k*f + 10*f - 84 = 0. Calculate the greatest common factor of f and q.
2
Suppose 0 = -5*b + 3*m + 61, 3*b + 6*m - 4*m = 29. Let q(c) = c**3 - 12*c**2 + 9*c + 30. Let s be q(b). Calculate the greatest common divisor of 104 and s.
8
Let v = 317 - 173. Let d = -15114